 factor of 266 and 42?
14
Calculate the greatest common divisor of 1275 and 51.
51
Calculate the greatest common divisor of 140 and 175.
35
What is the greatest common divisor of 1080 and 80?
40
What is the greatest common divisor of 1 and 8?
1
What is the greatest common divisor of 12 and 6156?
12
Calculate the highest common factor of 264 and 1408.
88
What is the greatest common divisor of 30 and 1210?
10
What is the greatest common factor of 168 and 63?
21
Calculate the greatest common factor of 432 and 27.
27
Calculate the highest common factor of 268 and 8710.
134
Calculate the greatest common divisor of 56 and 49.
7
What is the highest common divisor of 26936 and 222?
74
Calculate the highest common divisor of 95 and 7277.
19
Calculate the highest common divisor of 5 and 65.
5
Calculate the greatest common factor of 81 and 1809.
27
Calculate the highest common divisor of 154 and 3773.
77
Calculate the highest common divisor of 21250 and 68.
34
What is the greatest common factor of 1508 and 52?
52
Calculate the highest common factor of 152 and 6688.
152
Calculate the greatest common divisor of 33 and 3069.
33
Calculate the greatest common divisor of 294 and 126.
42
What is the highest common divisor of 4400 and 7200?
400
What is the greatest common factor of 92 and 115?
23
What is the highest common divisor of 22032 and 51?
51
What is the greatest common divisor of 299 and 14651?
299
What is the greatest common divisor of 13129 and 38?
19
Calculate the highest common divisor of 43 and 129.
43
Calculate the greatest common divisor of 683 and 3.
1
What is the greatest common divisor of 48 and 112?
16
What is the highest common factor of 64 and 224?
32
What is the greatest common factor of 9 and 405?
9
What is the highest common divisor of 52 and 663?
13
Calculate the highest common divisor of 37 and 15133.
37
What is the highest common divisor of 84 and 476?
28
Calculate the greatest common divisor of 710 and 90.
10
What is the greatest common divisor of 141 and 3?
3
What is the highest common divisor of 522 and 15?
3
What is the greatest common factor of 3075 and 90?
15
What is the highest common factor of 6 and 534?
6
What is the highest common factor of 2190 and 210?
30
Calculate the highest common divisor of 640 and 60.
20
Calculate the greatest common factor of 77 and 14.
7
What is the greatest common factor of 450 and 100?
50
What is the highest common divisor of 567 and 21?
21
What is the greatest common factor of 2 and 6?
2
Calculate the greatest common factor of 66 and 33.
33
Calculate the highest common factor of 3 and 9.
3
Calculate the greatest common factor of 1235 and 455.
65
What is the highest common divisor of 122 and 48068?
122
Calculate the highest common factor of 2896 and 64.
16
Calculate the highest common factor of 94 and 517.
47
What is the greatest common divisor of 750 and 600?
150
Calculate the greatest common factor of 18 and 423.
9
What is the greatest common divisor of 428 and 4?
4
Calculate the greatest common factor of 472 and 6.
2
What is the highest common divisor of 29 and 377?
29
What is the highest common factor of 60 and 250?
10
Calculate the greatest common divisor of 15 and 120.
15
Calculate the highest common factor of 31 and 899.
31
Calculate the greatest common divisor of 2720 and 100.
20
Calculate the highest common divisor of 21592 and 48.
8
Calculate the highest common factor of 703 and 1517.
37
What is the greatest common factor of 127 and 2159?
127
Calculate the greatest common divisor of 2771 and 102.
17
Calculate the highest common factor of 3185 and 10.
5
Calculate the greatest common divisor of 1727 and 1884.
157
Calculate the greatest common divisor of 23 and 276.
23
What is the greatest common factor of 44 and 154?
22
Calculate the highest common factor of 1862 and 1064.
266
What is the greatest common divisor of 7 and 721?
7
What is the greatest common divisor of 240 and 1458?
6
What is the highest common divisor of 5852 and 56?
28
What is the highest common factor of 12 and 2796?
12
What is the highest common factor of 1909 and 529?
23
Calculate the greatest common divisor of 112 and 192.
16
Calculate the highest common factor of 38 and 1843.
19
Calculate the greatest common divisor of 1397 and 127.
127
What is the greatest common divisor of 551 and 95?
19
What is the highest common factor of 62 and 8618?
62
Calculate the greatest common factor of 832 and 676.
52
Calculate the highest common factor of 59 and 472.
59
What is the greatest common factor of 216 and 135?
27
Calculate the greatest common factor of 4 and 524.
4
Calculate the greatest common divisor of 1792 and 1216.
64
Calculate the greatest common divisor of 812 and 464.
116
Calculate the highest common divisor of 2864 and 48.
16
What is the greatest common divisor of 81 and 135?
27
Calculate the greatest common divisor of 14144 and 32.
32
What is the highest common factor of 7 and 17311?
7
What is the greatest common divisor of 46 and 1541?
23
What is the greatest common divisor of 768 and 1920?
384
What is the highest common factor of 243 and 18?
9
Calculate the greatest common factor of 12 and 612.
12
Calculate the greatest common factor of 1392 and 29.
29
Calculate the highest common factor of 72240 and 215.
215
Calculate the highest common factor of 76 and 209.
19
What is the highest common factor of 68 and 24004?
68
What is the highest common divisor of 812 and 116?
116
What is the greatest common factor of 84 and 84?
84
What is the highest common divisor of 12558 and 18?
6
Calculate the highest common divisor of 806 and 992.
62
What is the greatest common divisor of 102 and 799?
17
Calculate the greatest common divisor of 105 and 168.
21
Calculate the greatest common divisor of 144 and 612.
36
What is the greatest common divisor of 48 and 4596?
12
Calculate the highest common divisor of 10 and 1270.
10
Calculate the highest common factor of 126 and 12.
6
Calculate the highest common factor of 231 and 84.
21
What is the greatest common divisor of 689 and 1802?
53
Calculate the highest common factor of 1150 and 2950.
50
What is the highest common divisor of 535 and 856?
107
Calculate the greatest common factor of 38 and 57.
19
Calculate the greatest common divisor of 108 and 1998.
54
Calculate the greatest common divisor of 483 and 1035.
69
What is the highest common divisor of 24 and 1728?
24
What is the highest common factor of 348 and 3045?
87
What is the highest common factor of 3404 and 1184?
148
What is the highest common divisor of 110 and 1485?
55
Calculate the highest common factor of 2697 and 116.
29
Calculate the highest common divisor of 260 and 60.
20
What is the greatest common factor of 365 and 15?
5
What is the highest common divisor of 16988 and 248?
124
Calculate the highest common divisor of 9 and 13.
1
What is the greatest common factor of 140 and 21?
7
Calculate the greatest common divisor of 24 and 8.
8
Calculate the greatest common factor of 1092 and 168.
84
What is the greatest common divisor of 308 and 28?
28
What is the greatest common factor of 24 and 488?
8
Calculate the greatest common divisor of 34 and 23222.
34
Calculate the highest common divisor of 920 and 10.
10
What is the highest common divisor of 12 and 272?
4
What is the greatest common factor of 172 and 3526?
86
What is the greatest common divisor of 125 and 5?
5
What is the greatest common divisor of 4152 and 96?
24
Calculate the highest common factor of 198 and 9.
9
Calculate the greatest common divisor of 664 and 4399.
83
What is the highest common factor of 59 and 1888?
59
Calculate the greatest common factor of 3480 and 150.
30
What is the highest common factor of 550 and 374?
22
Calculate the greatest common factor of 465 and 15.
15
What is the greatest common divisor of 46 and 161?
23
What is the greatest common divisor of 20 and 500?
20
Calculate the highest common factor of 119 and 17.
17
What is the greatest common divisor of 13485 and 3?
3
What is the highest common divisor of 10 and 95?
5
What is the highest common divisor of 185 and 995?
5
What is the highest common factor of 1825 and 73?
73
Calculate the greatest common divisor of 12 and 36.
12
What is the highest common factor of 11267 and 38?
19
What is the gre